e -4*q = q - c. Suppose k = -q*p + 95, 3*p + 22 = -k + 94. What is the units digit of p?
3
Let c be (1 - 1) + 11/(66/(-216)). Let p = 185 + c. What is the units digit of p?
9
Let u(f) = 5*f - 12. Let z(g) = g**3 - g + 6. Let o be z(0). Let l be u(o). Let m = -1 + l. What is the units digit of m?
7
Let n(v) = -v**3 + 12*v**2 - 10*v + 6. Let h(k) = -k**3 - 12*k**2 - k + 7. Let c be h(-12). Let w = c - 8. What is the units digit of n(w)?
7
Let n be -1 - -1 - 52/2. Let l = -595 + 636. Let k = l + n. What is the units digit of k?
5
Suppose 80 = 2*o + 3*o. Let k = 21 - o. Let y = k - -10. What is the units digit of y?
5
Let t be ((-6)/6)/((-2)/4). Suppose t*h + 3*h = 185. What is the tens digit of h?
3
Let q = -1 - -6. Let i = -4 - -6. Suppose -3*c - q*j = -17, -2*c + 26 = -3*j + i. What is the units digit of c?
9
Let f(j) = -j**2 + 25*j + 29. Let i be f(24). Suppose -5 + i = 2*o + 3*u, 0 = o - 2*u - 10. What is the units digit of o?
8
What is the hundreds digit of 2*(-2572)/8*5/(-5)?
6
What is the hundreds digit of (5907/132)/((-2)/(-32))?
7
Let w(r) = -4*r - 20. Let h(x) = -2. Let i(o) = 12*h(o) - 3*w(o). What is the hundreds digit of i(18)?
2
Let c(r) be the first derivative of -r**3/3 - 9*r**2/2 + 15*r + 7. What is the units digit of c(-10)?
5
Suppose -u - 5 = 0, 173 + 15 = 4*d - 4*u. Let r = d - 35. What is the units digit of r?
7
Suppose 0 = -9*q + 288 - 63. Suppose -5*l - 215 = -3*g, 2*g - 3*l - q = 118. What is the units digit of g?
0
Let v be (-1)/(3*2/66). Let q = 14 + v. Let l(x) = 15*x. What is the tens digit of l(q)?
4
Suppose -544 = -4*c + 5*o, 8*o = 2*c + 4*o - 272. What is the units digit of c?
6
Suppose 0 = -13*u + 2624 - 609. What is the tens digit of u?
5
Let a be 39/(-2)*3*(-480)/54. Suppose -n - 4*n + a = 0. What is the units digit of n?
4
Suppose 5*f - 4*z - 21 = 8, -2*f - 5*z = -5. Suppose 3*k - 4 = -13, 0 = -3*w - f*k - 9. What is the units digit of w?
2
Let v = -4 - -26. What is the tens digit of v?
2
Let i = 50 + -26. What is the tens digit of ((-210)/12)/((-2)/i)?
1
Suppose 0 = 4*k + 4*i + 16, -4*i = 2*k - 3*i + 9. Let b = 1185 - 1129. Let u = b - k. What is the tens digit of u?
6
Let p = 2223 - 1450. What is the hundreds digit of p?
7
Suppose 13*b - 12*b = 1278. What is the thousands digit of b?
1
Let h(v) = 5*v**3 + 17*v**2 + 14*v + 3. Let a(x) = x**3 + x**2 + x - 1. Let d(i) = -6*a(i) + h(i). Let o be d(12). What is the units digit of 8/(-6*1/o)?
2
Let q(b) = 56*b**2 - 2*b - 22. What is the hundreds digit of q(-3)?
4
Suppose 4*z - 29 = -1. Suppose 40 = u + z*u. What is the units digit of u?
5
What is the units digit of (4/5)/((-20)/(-6900))?
6
Let k = 449 - -900. What is the hundreds digit of k?
3
Let d = -8 + 12. What is the units digit of d + 1 + 5 + -4?
6
Let q be (-1*2)/(28/(-70)). Suppose -r + q*r = 996. What is the hundreds digit of r?
2
Suppose 3*u - 171 = 51. Let a be (3 + 3)*30/(-4). Let f = a + u. What is the units digit of f?
9
Let g(d) = 5*d**2. Let u be g(-1). Suppose z + 11 = 3*t, 0 = -3*t - 2*t - u*z - 15. Suppose 3*i = 2*i + t, -w + 14 = 5*i. What is the units digit of w?
4
Let n(t) = -8*t**2 - t + 714. What is the units digit of n(0)?
4
What is the thousands digit of 1 - -2565 - (220/(-10) - -18)?
2
What is the hundreds digit of 118/(-38) + 3 + 30216/57?
5
Suppose 19*c - 4321 = 9796. What is the units digit of c?
3
Let g = 220 - 422. Let j = g - -283. What is the tens digit of j?
8
Suppose -10 = -q + 4*q - h, 0 = 3*q - 3*h. Let v be 1 - (-4 - (1 + q)). Suppose 0 = n - 2*d - 61, 3*d = -v - 2. What is the units digit of n?
9
Let f(n) = 19*n + 48. What is the units digit of f(16)?
2
Suppose 655*y + 3164 = 659*y. What is the units digit of y?
1
Suppose 11*g - 9*g = -8. Let n(j) = 2*j + 9. Let y be n(g). Let m = 15 - y. What is the tens digit of m?
1
Suppose 3*f + 3*f = 24. Let l be -3 + -2 + f - -4. Suppose l*m - 3 = 0, 169 = 4*y + y - m. What is the tens digit of y?
3
Suppose -3*o - r = 988, -2*r + 204 = -o - 116. Let j = 471 + o. What is the hundreds digit of j?
1
Suppose -6 = -3*t - 0*j + 3*j, -22 = -5*t + j. What is the tens digit of 1*(356/t - 10/50)?
7
Let j = -1 + 6. Let m(w) = -10*w + 1. Let t(p) = 7*p - 1. Let i(l) = j*m(l) + 8*t(l). What is the tens digit of i(3)?
1
What is the tens digit of (-6)/(-84) - (-980543)/238?
2
Let x = 181 - -535. What is the hundreds digit of x?
7
Let y = -1 - -4. Let i be y*(1 + 4/6). Let r = 8 - i. What is the units digit of r?
3
Let g(h) = 2*h**2 + 14*h - 14. Let c be g(-8). Suppose 6*d - 2*d = c*s + 74, 86 = 5*d + 4*s. What is the units digit of d?
8
Suppose -3*n = -36 + 9. Let i(l) be the third derivative of l**4/6 - l**3/3 - 2*l**2 + 14*l. What is the units digit of i(n)?
4
Suppose -913 = -4*r + 55. What is the tens digit of r?
4
What is the hundreds digit of 12/(-16) - 1623/(-4)?
4
Let z(u) = -u**3 - 14*u**2 - 14*u - 2. Suppose -2*q - 15 = 11. What is the units digit of z(q)?
1
Suppose -3*n = -24*n + 2415. What is the tens digit of n?
1
Let b = 177 + -91. What is the tens digit of b?
8
Suppose 5*h - 780 = -5*l, -3*l = 5*h - 4*h - 474. Suppose 0 = -13*v + 10*v + l. What is the units digit of v?
3
Let o be -1*4*(-4)/8. Suppose j = o*j - 3. Suppose -6 - 3 = -5*r - j*k, 0 = 2*r + 4*k + 2. What is the units digit of r?
3
What is the units digit of ((-4)/(4/269))/((-7)/7)?
9
Suppose -n + 5507 = 5*k - 1492, 3*k = 3*n + 4185. What is the tens digit of k?
9
Let o = 21 - 19. Suppose -4*b = -2*j + 12, -4*j = b - o*b - 38. What is the tens digit of j?
1
Let a = -46 - -68. Let n = -8 + a. Let j = n - 5. What is the units digit of j?
9
Let a(w) = -1343*w**3 - 25*w - 24. What is the units digit of a(-1)?
4
Suppose t = -3*n + 137, 4*n + 468 = 4*t - 0*n. Let k = 227 - t. What is the tens digit of k?
0
Suppose 0 = 7*l - 12*l. What is the hundreds digit of (l - (2 - -26))*-4?
1
Suppose -2 = 2*u + d, -5*d - 4 = 16. Let z(o) be the second derivative of 13*o**4/4 + o**2/2 - 13*o. What is the tens digit of z(u)?
4
Let p = 31 - 27. What is the tens digit of (138/p)/((-1)/(-1*4))?
3
Suppose 0 = 8*s - 2150 - 1482. What is the units digit of s?
4
Let p = 104 - -81. Suppose 0 = -k + 4*j + p, -5*k = -j - 4*j - 955. What is the units digit of k?
3
Let l(b) = 2*b**2 - 2. Let j be l(1). Suppose j = -11*h + 67 - 12. What is the units digit of h?
5
Suppose 2*g - 5*t + 5 = 5*g, -t - 7 = -g. Suppose 4*s + 29 = g*s. What is the units digit of s?
9
Let z(c) = c**2 - 35*c - 64. What is the tens digit of z(37)?
1
Let i(h) = 223*h + 81. What is the units digit of i(5)?
6
Suppose -80*r + 276 = -76*r. Let k(m) = 44*m**2 - m - 1. Let c be k(-1). Let p = r - c. What is the units digit of p?
5
Let n be 10/((-178)/(-58) - 3). Suppose 4*y + 303 = 5*z, 3*z - 4*y - 40 = n. What is the tens digit of z?
5
Let w(y) be the first derivative of 2*y**3/3 + 17*y**2/2 - 6*y - 1. What is the tens digit of w(-12)?
7
Let h be -2*2*3/2. Suppose 5*b - x + 12 = 0, -b + x - 8 = -4. What is the tens digit of (h/b)/(2/10)?
1
Let g(h) = h**2 + 8*h + 9. Let w be g(-6). What is the units digit of (-524)/w - 4/6 - -3?
7
Suppose 3 = s + 4*l, 2*l - 12 + 0 = -4*s. Suppose 0 = s*x + 9, 5*a - 2*a + 81 = 3*x. What is the tens digit of ((-10)/a)/(2/192)?
3
Suppose 46*g - 432 = 42*g. What is the units digit of g?
8
Let d = -23 - -17. Let l be 565/(-30) + 1/d. Let y = 14 - l. What is the units digit of y?
3
Let r(c) = -c**3 + 15*c**2 + 21*c - 7. Let m be r(16). Suppose -191 = -2*d + m. What is the hundreds digit of d?
1
Suppose 3*y + 0*y - 9 = 0. Suppose -4*f + 244 - 86 = 5*h, -90 = -y*h - 4*f. What is the units digit of h?
4
Let a(o) = o**3 + 5*o**2 + 2*o - 2. Let s be (20/(-15))/4*9. What is the tens digit of a(s)?
1
Let b be 160/72 + 4/(-18). Suppose 4*d = -b*v - 0*v + 66, -4*v + 184 = -5*d. What is the tens digit of v?
4
Suppose 0 = -10*i - i + 5896. Suppose v + i = 5*v. What is the tens digit of v?
3
Let n(o) be the second derivative of 7*o**6/720 - o**5/30 + 7*o**4/12 - 8*o. Let q(b) be the third derivative of n(b). What is the tens digit of q(3)?
1
Let m(n) = 16*n**2 + 16*n + 62. What is the hundreds digit of m(-7)?
7
Let c be 28/8*16/14. Suppose 0 = 3*y - c*l - 445, 0*y + 5*l + 292 = 2*y. Let m = y - 82. What is the units digit of m?
9
Suppose 0*c = -4*c - 44. Let k(y) = -y**3 - 12*y**2 - 3*y + 6. Let q be k(c). Let m = -57 - q. 